 of 15 and 2215.
5
What is the highest common factor of 44 and 36?
4
What is the highest common factor of 1230 and 30?
30
What is the highest common factor of 2040 and 120?
120
Calculate the greatest common factor of 48 and 1548.
12
What is the highest common divisor of 43 and 86?
43
What is the highest common divisor of 328 and 1804?
164
Calculate the greatest common factor of 1614 and 18.
6
What is the greatest common divisor of 231 and 2464?
77
What is the highest common factor of 1189 and 82?
41
Calculate the greatest common factor of 28 and 7084.
28
What is the greatest common divisor of 63 and 84?
21
What is the greatest common factor of 57 and 21?
3
What is the highest common factor of 7448 and 294?
98
Calculate the highest common divisor of 5082 and 154.
154
Calculate the highest common factor of 28 and 1828.
4
Calculate the greatest common divisor of 216 and 16.
8
Calculate the greatest common divisor of 21 and 21.
21
Calculate the greatest common factor of 8 and 292.
4
Calculate the greatest common divisor of 180 and 45.
45
What is the highest common divisor of 134 and 36381?
67
Calculate the greatest common factor of 4656 and 48.
48
Calculate the highest common factor of 1672 and 304.
152
What is the highest common divisor of 300 and 24?
12
What is the greatest common divisor of 37 and 3404?
37
Calculate the highest common divisor of 8 and 54.
2
Calculate the highest common factor of 180 and 270.
90
What is the greatest common factor of 396 and 1908?
36
What is the highest common factor of 43 and 2?
1
What is the greatest common factor of 150 and 20?
10
Calculate the highest common factor of 1025 and 6355.
205
What is the greatest common divisor of 1638 and 78?
78
Calculate the greatest common divisor of 7889 and 23.
23
Calculate the greatest common divisor of 259 and 28.
7
What is the greatest common factor of 535 and 5?
5
What is the greatest common factor of 6 and 888?
6
What is the greatest common divisor of 49 and 21?
7
What is the greatest common factor of 12 and 204?
12
What is the highest common factor of 1639 and 11?
11
What is the highest common divisor of 24 and 39?
3
What is the highest common divisor of 107 and 116951?
107
Calculate the greatest common factor of 175 and 1540.
35
What is the greatest common divisor of 423 and 63?
9
What is the greatest common factor of 352 and 184?
8
What is the greatest common divisor of 155 and 10?
5
What is the highest common divisor of 96 and 224?
32
What is the highest common divisor of 69 and 5543?
23
What is the highest common divisor of 750 and 100?
50
What is the greatest common divisor of 364 and 84?
28
What is the highest common divisor of 4 and 2048?
4
Calculate the greatest common factor of 1419 and 33.
33
What is the highest common divisor of 190 and 1235?
95
What is the highest common factor of 88 and 352?
88
Calculate the greatest common factor of 255 and 204.
51
What is the greatest common divisor of 16 and 84?
4
What is the highest common divisor of 1088 and 448?
64
What is the highest common factor of 2280 and 120?
120
Calculate the greatest common factor of 1148 and 28.
28
Calculate the greatest common factor of 440 and 820.
20
What is the greatest common factor of 21448 and 56?
56
What is the greatest common factor of 2074 and 34?
34
What is the greatest common divisor of 689 and 106?
53
Calculate the greatest common divisor of 327 and 24.
3
What is the greatest common divisor of 21 and 336?
21
Calculate the highest common factor of 336 and 126.
42
What is the highest common divisor of 292 and 365?
73
What is the greatest common factor of 18 and 30?
6
What is the highest common divisor of 31 and 899?
31
Calculate the greatest common divisor of 81 and 36.
9
Calculate the greatest common divisor of 976 and 80.
16
Calculate the highest common divisor of 16290 and 270.
90
What is the highest common factor of 5 and 580?
5
What is the greatest common divisor of 324 and 2052?
108
What is the highest common divisor of 23184 and 36?
36
What is the highest common divisor of 88 and 92?
4
What is the greatest common divisor of 7 and 6132?
7
Calculate the highest common divisor of 1404 and 52.
52
What is the greatest common divisor of 588 and 192?
12
Calculate the greatest common divisor of 1260 and 12.
12
What is the highest common divisor of 90 and 8460?
90
Calculate the greatest common factor of 12 and 68.
4
What is the highest common divisor of 3136 and 6048?
224
What is the greatest common factor of 30 and 23685?
15
What is the greatest common divisor of 102 and 153?
51
Calculate the greatest common divisor of 528 and 432.
48
Calculate the greatest common factor of 144 and 28848.
48
What is the highest common factor of 49 and 2401?
49
What is the greatest common divisor of 101 and 20099?
101
Calculate the highest common factor of 20 and 230.
10
What is the greatest common divisor of 2 and 26?
2
Calculate the highest common factor of 26 and 325.
13
What is the highest common factor of 1145 and 2748?
229
What is the greatest common factor of 164 and 164?
164
Calculate the greatest common divisor of 301 and 7.
7
Calculate the greatest common divisor of 645 and 120.
15
What is the greatest common factor of 396 and 88?
44
Calculate the greatest common divisor of 72 and 10548.
36
Calculate the greatest common factor of 2964 and 1368.
228
Calculate the highest common factor of 11010 and 20.
10
What is the greatest common divisor of 60 and 50310?
30
What is the highest common factor of 180 and 5445?
45
What is the greatest common divisor of 180 and 540?
180
What is the greatest common factor of 3135 and 11?
11
Calculate the greatest common divisor of 429 and 1274.
13
What is the greatest common divisor of 24 and 19?
1
What is the highest common factor of 5 and 225?
5
What is the greatest common divisor of 34 and 374?
34
Calculate the highest common factor of 2925 and 30.
15
Calculate the highest common divisor of 2583 and 189.
63
What is the highest common divisor of 8 and 16?
8
What is the highest common divisor of 48 and 168?
24
What is the highest common factor of 182 and 28?
14
Calculate the greatest common divisor of 2632 and 28.
28
Calculate the greatest common factor of 616 and 77.
77
What is the greatest common divisor of 55 and 14960?
55
What is the greatest common divisor of 77 and 253?
11
Calculate the greatest common factor of 312 and 1482.
78
What is the highest common divisor of 55 and 10?
5
What is the highest common factor of 119 and 7?
7
Calculate the highest common divisor of 175 and 400.
25
Calculate the highest common factor of 450 and 100.
50
Calculate the greatest common divisor of 868 and 196.
28
Calculate the highest common factor of 208 and 16.
16
Calculate the greatest common factor of 33 and 1518.
33
What is the highest common divisor of 110 and 6270?
110
Calculate the highest common factor of 252 and 34020.
252
What is the greatest common divisor of 39 and 598?
13
Calculate the highest common factor of 440 and 88.
88
Calculate the greatest common divisor of 676 and 8.
4
Calculate the greatest common divisor of 78 and 26.
26
Calculate the greatest common divisor of 11 and 30041.
11
Calculate the highest common divisor of 26 and 4.
2
Calculate the greatest common divisor of 9 and 7551.
9
What is the highest common divisor of 3081 and 13?
13
Calculate the highest common factor of 64 and 576.
64
Calculate the greatest common divisor of 169 and 871.
13
What is the highest common divisor of 52 and 221?
13
Calculate the greatest common factor of 24 and 444.
12
What is the greatest common divisor of 34 and 136?
34
What is the greatest common factor of 58 and 1798?
58
Calculate the greatest common factor of 94 and 1269.
47
What is the greatest common divisor of 16 and 52?
4
What is the highest common factor of 11388 and 156?
156
Calculate the highest common divisor of 483 and 21091.
161
Calculate the highest common factor of 14 and 21322.
14
What is the highest common factor of 14 and 1008?
14
Calculate the highest common factor of 66 and 5742.
66
What is the highest common factor of 38359 and 89?
89
Calculate the highest common divisor of 28 and 168.
28
What is the greatest common divisor of 12 and 192?
12
Calculate the highest common factor of 85 and 136.
1